- 125100643?
-125100643
In base 10, what is -9136 - -1463?
-7673
In base 6, what is 1021040 - 2450?
1014150
In base 9, what is -218 + -20000?
-20218
In base 5, what is 100004324 - -344?
100010223
In base 2, what is -11111000 + -1001011010011101110011?
-1001011010100001101011
In base 4, what is -2 + 2011122120?
2011122112
In base 12, what is 4335525 + 7?
4335530
In base 10, what is -45718 - 350?
-46068
In base 3, what is 1211221022000020 + 0?
1211221022000020
In base 6, what is -2 + -325525554?
-325530000
In base 2, what is -111011111011 - 1100010101110?
-10011110101001
In base 8, what is -1715 + -10072?
-12007
In base 8, what is 3 - -15652522?
15652525
In base 8, what is 1 + -2542313?
-2542312
In base 4, what is -113032100301222 + 2?
-113032100301220
In base 9, what is 20002572 - 28?
20002543
In base 8, what is 203 - -25572?
25775
In base 6, what is 1342550 - -123524?
1510514
In base 4, what is -113312 + 12000033?
11220121
In base 12, what is -259 + -2086?
-2323
In base 12, what is -62 - 92350?
-923b2
In base 3, what is -2121001121 - -102122?
-2120121222
In base 4, what is 11002200 + -1220?
11000320
In base 6, what is 432515 + 311300?
1144215
In base 8, what is -10057 - 22233?
-32312
In base 16, what is -6 + -7bd492c?
-7bd4932
In base 3, what is -10 - -100221101021111?
100221101021101
In base 12, what is 68093 - -280?
68353
In base 4, what is 1320300102320 - -3?
1320300102323
In base 11, what is 562 + -79537?
-78a85
In base 11, what is -169 - 15a188?
-15a346
In base 16, what is 36d45 - -16?
36d5b
In base 6, what is 15 + 131302442?
131302501
In base 11, what is -143 + -a53430?
-a53573
In base 12, what is 3 + -44962a29?
-44962a26
In base 7, what is -112201 + 110?
-112061
In base 13, what is 1b33 - -6c28?
8a5b
In base 6, what is 135422254 + -4?
135422250
In base 2, what is -1001110010000110 - -11111010?
-1001101110001100
In base 8, what is 12206 - 74546?
-62340
In base 12, what is -8723 + 8a3?
-7a40
In base 15, what is 5492e7de - 5?
5492e7d9
In base 6, what is -2400154322 - 1?
-2400154323
In base 2, what is 100 + -100011000000100101110?
-100011000000100101010
In base 10, what is 31483266 + -1?
31483265
In base 2, what is -101100000010110 - -10010110010111?
-11001001111111
In base 5, what is 10 + 4043121224?
4043121234
In base 6, what is -135445 - -121022?
-14423
In base 8, what is -631553 - 45?
-631620
In base 4, what is -1101003303 - 1001312?
-1102011221
In base 6, what is 3 - -134430322?
134430325
In base 15, what is 266 - -2449?
26b0
In base 13, what is ac1b - a7?
ab44
In base 14, what is b9791 - -190?
b9941
In base 16, what is -77 - 128e77?
-128eee
In base 3, what is -100 + 201212112120?
201212112020
In base 5, what is 31013304 + -1120?
31012134
In base 15, what is 954eb16 + -1?
954eb15
In base 2, what is -1111 - -111011010010011111111?
111011010010011110000
In base 7, what is -6 - -130460451?
130460442
In base 13, what is 26a2 - -4007?
66a9
In base 12, what is 13 - -47768a?
4776a1
In base 7, what is -43 + 3523366?
3523323
In base 11, what is -1 + 28a5648?
28a5647
In base 6, what is -521140 - 4102?
-525242
In base 12, what is -9a8 + -353ab7?
-3548a3
In base 5, what is -13012402 - 131?
-13013033
In base 15, what is 333bec5 + 1?
333bec6
In base 4, what is 2 + 1331211332?
1331212000
In base 9, what is 14110 + -614?
13385
In base 9, what is 6640 - 150406?
-142656
In base 4, what is 100123031321 - 12?
100123031303
In base 16, what is -2 + -88bb?
-88bd
In base 11, what is 4625 - 1400?
3225
In base 6, what is -10103 - -412220?
402113
In base 3, what is -21121022001 + 10222201?
-21110022100
In base 15, what is -49 - -702bc?
70273
In base 4, what is -1 + -2123002320?
-2123002321
In base 11, what is 2934647a + 32?
29346501
In base 4, what is -311113 - -332321?
21202
In base 14, what is -13c - aa42?
-ab80
In base 10, what is 105 - -262556?
262661
In base 2, what is 101 + 1100001111000111001100000?
1100001111000111001100101
In base 13, what is -2899a + -60?
-28a2a
In base 6, what is 45 + 100310545?
100311034
In base 2, what is 1101010101000000 - -101001011?
1101011010001011
In base 9, what is -10 + -23103656?
-23103666
In base 15, what is 5a34e9d + 3?
5a34ea1
In base 11, what is -7a2220 + -6?
-7a2226
In base 9, what is 3 - -12127363?
12127366
In base 15, what is -9b3e6 - 10?
-9b406
In base 2, what is 10001 + 111111010101001101?
111111010101011110
In base 11, what is -2597622 + 1?
-2597621
In base 5, what is -334 - -1311312103?
1311311214
In base 7, what is -24326 + 3455?
-20541
In base 6, what is 2 - -420504305?
420504311
In base 2, what is -1010110010110100110100111100 + 1000?
-1010110010110100110100110100
In base 7, what is -4 + 113415345?
113415341
In base 5, what is 23 + -10121333033?
-10121333010
In base 16, what is 2e + acc1b?
acc49
In base 4, what is 200312 - 1002032?
-201120
In base 10, what is 195578 + 2582?
198160
In base 5, what is 4430312304 - -14?
4430312323
In base 12, what is 758770 - 18?
758754
In base 5, what is -121 - 13223320?
-13223441
In base 9, what is -3805731 - 62?
-3805803
In base 10, what is -2 - 821065?
-821067
In base 6, what is 150430 - 3114?
143312
In base 3, what is 0 + -1022211212112010?
-1022211212112010
In base 4, what is 30113113121 + -1?
30113113120
In base 2, what is 100 + -11111111000001111000?
-11111111000001110100
In base 5, what is -2 - 112014103123?
-112014103130
In base 2, what is 101101 - 1001001110100011111110001?
-1001001110100011111000100
In base 7, what is 13 - -25634212?
25634225
In base 4, what is -30013220 - -3033?
-30010121
In base 3, what is -211 - 1122011211120200?
-1122011211121111
In base 15, what is -d18dc + -4?
-d18e1
In base 8, what is -1171521 + -47?
-1171570
In base 13, what is -2169 + 705c1?
6b455
In base 14, what is 1bad1a - 48?
1bacb2
In base 11, what is 214871 + -140?
214731
In base 12, what is -8 + b82908?
b82900
In base 14, what is -3 + -156c82?
-156c85
In base 3, what is 11 - -1000121002102?
1000121002120
In base 6, what is -54 - 130043?
-130141
In base 14, what is 2c08bb8 + 8?
2c08bc2
In base 6, what is 3420500500 + 4?
3420500504
In base 9, what is 7 + -4171475?
-4171467
In base 10, what is -141248 - -1963?
-139285
In base 2, what is 11 - 1101110010110010111011?
-1101110010110010111000
In base 7, what is 11 + 1502516652?
1502516663
In base 12, what is -658a389 + -3?
-658a390
In base 11, what is -14 - -522628?
522614
In base 15, what is -11e696b2 - 7?
-11e696b9
In base 7, what is 2212426 + 331?
2213060
In base 9, what is 40044 + 3303?
43347
In base 15, what is d3d - a6?
c87
In base 7, what is -123111053 - -4?
-123111046
In base 11, what is -33a + -3838a?
-38719
In base 10, what is 15565 - -330?
15895
In base 4, what is -1131 - -1131222022?
1131220231
In base 9, what is 27 + -2740403?
-2740365
In base 15, what is -4 - 1a3b03?
-1a3b07
In base 14, what is 184 - -6183?
6327
In base 9, what is -131 + -303802?
-304033
In base 16, what is 0 - -14a333?
14a333
In base 12, what is 60b20 - -bb2?
61b12
In base 15, what is d6 + 46b8c?
46c73
In base 7, what is -3 + 1403242456?
1403242453
In base 15, what is -bc37 - -22ed?
-9939
In base 16, what is -27048 - 3b?
-27083
In base 3, what is 112120100111102 + 12?
112120100111121
In base 5, what is -1 - -1021431420?
1021431414
In base 2, what is -1010101000101111 - -10010011?
-1010100110011100
In base 4, what is 3 - -332103312320?
332103312323
In base 11, what is 689 + -8157?
-7579
In base 3, what is -10 + 2110222100121222?
2110222100121212
In base 11, what is 663a8 + 242?
6663a
In base 14, what is -5 + 25c551b?
25c5516
In base 2, what is -1101011100000100000000 + 1100011?
-1101011100000010011101
In base 13, what is 6758c6 - 2?
6758c4
In base 12, what is 80 - -4ba93?
4bb53
In base 6, what is -504 + -35110?
-40014
In base 2, what is 10001000101110100010011 + 100?
10001000101110100010111
In base 13, what is 6b216 + -68c?
6a857
In base 5, what is 1 + 112234223003?
112234223004
In base 7, what is 2 + -1005013201?
-1005013166
In base 10, what is 86 - 221343?
-221257
In base 16, what is 9e2 - -668?
104a
In base 6, what is 34 + -550233?
-550155
In base 6, what is -24214432 + -110?
-24214542
In base 4, what is -211312 + 120010210?
113132232
In base 11, what is 92984 + 59?
92a32
In base 12, what is 47b65 - 1a1?
47984
In base 7, what is -1062245 + -44?
-1062322
I